?
True
Is 296451502 a composite number?
True
Is 468544933 prime?
True
Is 45373973 prime?
True
Is 42241 prime?
False
Is 1909981 composite?
False
Is 22589977 prime?
True
Is 5740561 prime?
False
Is 1832843 a prime number?
False
Is 29257 composite?
True
Is 109966793 a prime number?
False
Is 169440793 prime?
False
Is 7589707 prime?
True
Is 329008909 a prime number?
True
Is 2754793 composite?
True
Is 108291709 a composite number?
False
Is 146272047 composite?
True
Is 14029133 a composite number?
True
Is 62241527 a composite number?
True
Is 12709601 composite?
False
Is 512528689 a composite number?
False
Is 3821771 a composite number?
False
Is 9364339 a prime number?
True
Is 4037441 a prime number?
False
Is 22751647 a composite number?
False
Is 2141673 a composite number?
True
Is 2862857 composite?
True
Is 29226577 a prime number?
False
Is 86585 a composite number?
True
Is 603311 a prime number?
True
Is 7713529 a composite number?
True
Is 34648797 a composite number?
True
Is 3190133 a composite number?
True
Is 30664591 prime?
True
Is 133454653 a composite number?
True
Is 16858727 a prime number?
True
Is 16655437 a composite number?
True
Is 53118089 composite?
True
Is 85037 a composite number?
False
Is 1744469 a prime number?
True
Is 26292127 a prime number?
False
Is 270555881 composite?
True
Is 8737501 composite?
False
Is 253158179 a composite number?
True
Is 370921801 a composite number?
True
Is 7407467 a prime number?
False
Is 197917913 composite?
False
Is 220074119 a composite number?
True
Is 2360063 composite?
True
Is 17915507 a prime number?
False
Is 4590493 composite?
True
Is 2415359 prime?
True
Is 94304339 composite?
True
Is 102642347 composite?
False
Is 15886883 composite?
False
Is 4947517 composite?
False
Is 41864891 a prime number?
True
Is 1483579 a prime number?
False
Is 2816677 prime?
False
Is 173409 composite?
True
Is 8228327 composite?
False
Is 65713861 a composite number?
True
Is 128754181 a prime number?
True
Is 8019433 a composite number?
True
Is 1965211 prime?
False
Is 61531097 a prime number?
True
Is 11572733 a composite number?
True
Is 9042434 a composite number?
True
Is 1188347393 composite?
False
Is 19285207 a composite number?
False
Is 1263233 a prime number?
False
Is 31400695 a composite number?
True
Is 3021679 a prime number?
False
Is 17201629 a composite number?
False
Is 48133 a composite number?
True
Is 385492117 composite?
True
Is 17489279 composite?
False
Is 1182581 composite?
False
Is 8029577 a composite number?
False
Is 49185229 a prime number?
True
Is 123123023 a composite number?
False
Is 3469277 composite?
True
Is 1928741 a composite number?
False
Is 1729619 a composite number?
True
Is 61044657 a prime number?
False
Is 164270465 composite?
True
Is 20121221 a composite number?
True
Is 5336909 a prime number?
False
Is 390617 prime?
False
Is 427565207 a prime number?
False
Is 9380563 a composite number?
True
Is 3307943 composite?
True
Is 11933309 composite?
False
Is 38750629 composite?
False
Is 212899 a composite number?
True
Is 177878927 a composite number?
True
Is 65926529 composite?
False
Is 2161693 composite?
True
Is 767743 a composite number?
True
Is 185098373 a composite number?
True
Is 94640129 a prime number?
False
Is 249712189 composite?
False
Is 141097951 prime?
True
Is 31462237 composite?
True
Is 3001301 composite?
True
Is 110801101 a prime number?
True
Is 126127 a prime number?
True
Is 6866257 a prime number?
True
Is 168742417 a prime number?
False
Is 1115493 a prime number?
False
Is 488189983 a prime number?
False
Is 3524767 composite?
False
Is 16078 a prime number?
False
Is 423173 composite?
False
Is 17192107 a prime number?
True
Is 391506205 a prime number?
False
Is 15984533 a composite number?
True
Is 240232459 prime?
True
Is 69554759 a composite number?
True
Is 1144147 a composite number?
False
Is 2262371 prime?
False
Is 55784653 a composite number?
False
Is 453527 a prime number?
True
Is 180143653 composite?
False
Is 63153821 prime?
True
Is 37586147 prime?
False
Is 59370361 a composite number?
False
Is 58872397 a composite number?
True
Is 163341509 composite?
False
Is 28504733 a composite number?
True
Is 417509101 prime?
False
Is 339110435 a prime number?
False
Is 2881757 composite?
True
Is 60739753 composite?
False
Is 11250523 prime?
False
Is 993189 prime?
False
Is 2507005 a prime number?
False
Is 353489 composite?
False
Is 81111917 prime?
False
Is 39148069 prime?
True
Is 15488509 composite?
False
Is 43721471 a prime number?
True
Is 742523 a prime number?
False
Is 11917739 prime?
False
Is 3882071 a composite number?
False
Is 4281949 composite?
True
Is 11428735 prime?
False
Is 8529497 prime?
False
Is 225571967 a prime number?
True
Is 30681127 a prime number?
True
Is 14238691 a composite number?
False
Is 1394639 composite?
True
Is 3561655 prime?
False
Is 941732209 prime?
False
Is 48989033 a composite number?
True
Is 65969329 composite?
False
Is 1551497 prime?
True
Is 27334753 composite?
True
Is 7847773 composite?
True
Is 45107 a composite number?
True
Is 9373367 a composite number?
True
Is 922423 composite?
False
Is 2663321 a prime number?
False
Is 6740273 prime?
True
Is 7389191 composite?
True
Is 46200377 composite?
False
Is 11842771 a composite number?
False
Is 1070981 prime?
True
Is 437131201 a prime number?
False
Is 147887 prime?
False
Is 9565571 prime?
False
Is 3640838 a prime number?
False
Is 2383333 prime?
True
Is 4936157 composite?
True
Is 130448741 a prime number?
False
Is 586979 a prime number?
True
Is 469517243 a prime number?
False
Is 21805517 composite?
True
Is 68454457 a composite number?
False
Is 4934563 a composite number?
True
Is 182213 composite?
True
Is 16928309 prime?
True
Is 4965789 a prime number?
False
Is 65705347 prime?
True
Is 423649 composite?
False
Is 1149311 a composite number?
True
Is 3199459 a composite number?
False
Is 35819021 composite?
True
Is 1888597 a composite number?
False
Is 59927051 a composite number?
False
Is 3282281 composite?
False
Is 32936941 a prime number?
True
Is 2495719 composite?
True
Is 2299231 a prime number?
False
Is 1482263 a prime number?
True
Is 5924185 a composite number?
True
Is 4918231 a prime number?
False
Is 14181047 a prime number?
True
Is 77426417 a prime number?
True
Is 1732193 a prime number?
True
Is 13802807 prime?
True
Is 6221038 a composite number?
True
Is 94737151 a composite number?
True
Is 26794291 composite?
False
Is 20969345 a prime number?
False
Is 86267191 a composite number?
False
Is 39518131 a composite number?
False
Is 61696499 composite?
False
Is 12681653 prime?
False
Is 130834381 composite?
False
Is 1357589 a composite number?
False
Is 118344917 a composite number?
False
Is 3642559 prime?
True
Is 1339657 a prime number?
False
Is 5251021 a composite number?
True
Is 77368307 a prime number?
False
Is 148585 a composite number?
True
Is 27272703 a composite number?
True
Is 463655657 a prime number?
False
Is 8080558 composite?
True
Is 89957041 composite?
False
Is 8303287 a prime number?
True
Is 89153 prime?
True
Is 26528561 prime?
True
Is 14088677 composite?
False
Is 14359999 a composite number?
True
Is 446087 a prime number?
True
Is 14120447 a composite number?
True
Is 4437995 a composite number?
True
Is 3978399 a composite number?
True
Is 123457409 a prime number?
False
Is 999491 prime?
True
Is 17126927 prime?
False
Is 237125015 composite?
True
Is 47124373 a composite number?
True
Is 16974031 a composite number?
False
Is 14055143 a prime number?
False
Is 56136049 prime?
True
Is 7602233 a prime number?
True
Is 183365839 composite?
True
Is 95214103 composite?
False
Is 106915019 a composite number?
False
Is 927814 composite?
True
Is 11158261 a prime number?
True
Is 617833 a prime number?
False
Is 229056503 prime?
False
Is 8122843 prime?
True
Is 1427359 composite?
False
Is 52242279 a composite number?
True
Is 15372287 a prime number?
False
Is 73713247 a composite number?
True
Is 7687313 a composite number?
True
Is 4735757 a prime number?
False
Is 8536214 composite?
True
Is 6319 a composite number?
True
Is 228103 prime?
True
Is 5676289 a composite number?
True
Is 39953753 prime?
False
Is 82908407 a composite number?
False
Is 48623707 a composite number?
True
Is 7737967 composite?
False
Is 253718345 composite?
True
Is 1206109 a p